{"id":20,"date":"2024-06-23T09:42:52","date_gmt":"2024-06-23T07:42:52","guid":{"rendered":"https:\/\/veronique-pugeat.fr\/?page_id=20"},"modified":"2024-06-23T09:42:52","modified_gmt":"2024-06-23T07:42:52","slug":"mentions-legales","status":"publish","type":"page","link":"https:\/\/veronique-pugeat.fr\/index.php\/mentions-legales\/","title":{"rendered":"Mentions l\u00e9gales"},"content":{"rendered":"\n<p>Conform\u00e9ment aux dispositions des articles 6-III et 19 de la loi pour la Confiance dans l\u2019\u00e9conomie Num\u00e9rique, nous vous informons que :<\/p>\n\n\n\n<h2 class=\"wp-block-heading\"><strong>1. Informations l\u00e9gales<\/strong><\/h2>\n\n\n\n<p>Responsable du site :<br>V\u00e9ronique PUGEAT<br>Repr\u00e9sentante<\/p>\n\n\n\n<p>Association :<br><strong>VERONIQUE PUGEAT<\/strong><br>36 Av. du Pr\u00e9sident Herriot<br>26000 VALENCE<br>T\u00e9l : +33 (0) 6 99 23 99 40<\/p>\n\n\n\n<p>Cr\u00e9ation et r\u00e9f\u00e9rencement :<br><strong>Phoenix Participations<\/strong><br>4 lot les Jardins du Port<br>26600 BEAUMONT MONTEUX<br>T\u00e9l : +33 (0) 6 82 04 20 56<\/p>\n\n\n\n<h2 class=\"wp-block-heading\"><strong>2. Limitation de responsabilit\u00e9<\/strong><\/h2>\n\n\n\n<p>L\u2019utilisateur reconna\u00eet avoir pris connaissance des pr\u00e9sentes conditions d\u2019utilisation et s\u2019engage \u00e0 les respecter. L\u2019utilisateur de ce site internet reconna\u00eet disposer de la comp\u00e9tence et des moyens n\u00e9cessaires pour acc\u00e9der et utiliser ce site. Les propri\u00e9taires mettent tout en \u0153uvre pour offrir aux utilisateurs des informations et\/ou des outils disponibles et v\u00e9rifi\u00e9s mais ne saurait \u00eatre tenus pour responsables des erreurs, d\u2019une absence de disponibilit\u00e9 des fonctionnalit\u00e9s et\/ou de la pr\u00e9sence de virus sur son site. Les propri\u00e9taires ne sauraient garantir l\u2019exactitude, la compl\u00e9tude, l\u2019actualit\u00e9 des informations diffus\u00e9es sur son site. En cons\u00e9quence, l\u2019utilisateur reconna\u00eet utiliser ces informations sous sa responsabilit\u00e9 exclusive.<\/p>\n\n\n\n<h2 class=\"wp-block-heading\"><strong>3. Cookies<\/strong><\/h2>\n\n\n\n<p>L\u2019utilisateur est inform\u00e9 que lors de ses visites sur le site, un cookie peut s\u2019installer automatiquement sur son logiciel de navigation. Le param\u00e9trage du logiciel de navigation permet d\u2019informer de la pr\u00e9sence de cookies et \u00e9ventuellement, de la refuser de la mani\u00e8re d\u00e9crite \u00e0 l\u2019adresse suivante : www.cnil.fr. L\u2019utilisateur dispose de l\u2019ensemble des droits susvis\u00e9s s\u2019agissant des donn\u00e9es \u00e0 caract\u00e8re personnel communiqu\u00e9es par le biais des cookies dans les conditions indiqu\u00e9es ci-dessus. Ils doivent notamment s\u2019abstenir, s\u2019agissant des informations \u00e0 caract\u00e8re personnel auxquelles ils acc\u00e8dent ou pourraient acc\u00e9der, de toute collecte, de toute utilisation d\u00e9tourn\u00e9e d\u2019une mani\u00e8re g\u00e9n\u00e9rale, de tout acte susceptible de porter atteinte \u00e0 la vie priv\u00e9e ou \u00e0 la r\u00e9putation des personnes.<\/p>\n\n\n\n<h2 class=\"wp-block-heading\"><strong>4. Propri\u00e9t\u00e9 intellectuelle<\/strong><\/h2>\n\n\n\n<p>Sauf indications contraires, les logos, graphiques, marques et\/ou enseignes figurant sur ce site, y compris et de fa\u00e7on non exhaustive, sont des marques d\u00e9pos\u00e9es et ne peuvent \u00eatre utilis\u00e9es \u00e0 des fins commerciales sans accord \u00e9crit pr\u00e9alable.<br>Les photographies et illustrations utilis\u00e9s sur le site et pour les Balises OG (Open Graph) sont l\u2019oeuvre de&nbsp;<a href=\"https:\/\/fr.freepik.com\/\" target=\"_blank\" rel=\"noreferrer noopener\">Freepik<\/a>&nbsp;ou&nbsp;<a href=\"https:\/\/pixabay.com\/fr\/\" target=\"_blank\" rel=\"noreferrer noopener\">Pixabay<\/a>&nbsp;et sont libres de droit pour usage commercial et personnel avec attribution.<\/p>\n\n\n\n<h2 class=\"wp-block-heading\"><strong>5. Accessibilit\u00e9 \/ standards du web<\/strong><\/h2>\n\n\n\n<p>La loi sur le handicap a \u00e9t\u00e9 adopt\u00e9e le 3 f\u00e9vrier 2005. Dans son volet internet, elle impose aux sites de l\u2019administration en ligne de devenir \u00abaccessibles aux personnes handicap\u00e9es\u00bb. Le d\u00e9cret officiel est paru au mois de mai 2009 et impose aux administrations de se mettre en conformit\u00e9 \u00e0 la date du 16 mai 2012.<\/p>\n\n\n\n<p>Le code XHTML du site Internet de Big Fernand Valence est conforme \u00e0 la Sp\u00e9cification XHTML 1.0. Il est test\u00e9 \u00e0 l\u2019aide du validateur HTML du W3C. Le code de programmation r\u00e9pond aux normes W3C de niveau AA.<\/p>\n\n\n\n<p>Ces normes sont indispensables aux sites Internet. Elles permettent d\u2019avoir :<br>\u2022 Une meilleure compatibilit\u00e9 entre les navigateurs Internet<br>\u2022 Une lecture du code de programmation par les dispositifs techniques des personnes handicap\u00e9es. Une erreur dans le code peut entrainer une lisibilit\u00e9 partielle de la page par ces logiciels.<\/p>\n\n\n\n<h2 class=\"wp-block-heading\"><\/h2>\n","protected":false},"excerpt":{"rendered":"<p>Conform\u00e9ment aux dispositions des articles 6-III et 19 de la loi pour la Confiance dans l\u2019\u00e9conomie Num\u00e9rique, nous vous informons que : 1. Informations l\u00e9gales Responsable du site :V\u00e9ronique PUGEATRepr\u00e9sentante Association :VERONIQUE PUGEAT36 Av. du Pr\u00e9sident Herriot26000 VALENCET\u00e9l : +33 (0) 6 99 23 99 40 Cr\u00e9ation et r\u00e9f\u00e9rencement :Phoenix Participations4 lot les Jardins du<br \/><a class=\"moretag\" href=\"https:\/\/veronique-pugeat.fr\/index.php\/mentions-legales\/\">+ Read More<\/a><\/p>\n","protected":false},"author":1,"featured_media":0,"parent":0,"menu_order":0,"comment_status":"closed","ping_status":"open","template":"","meta":{"footnotes":""},"class_list":["post-20","page","type-page","status-publish","hentry"],"yoast_head":"<!-- This site is optimized with the Yoast SEO plugin v22.9 - https:\/\/yoast.com\/wordpress\/plugins\/seo\/ -->\n<title>Mentions l\u00e9gales - V\u00e9ronique Pugeat<\/title>\n<meta name=\"robots\" content=\"index, follow, max-snippet:-1, max-image-preview:large, max-video-preview:-1\" \/>\n<link rel=\"canonical\" href=\"https:\/\/veronique-pugeat.fr\/index.php\/mentions-legales\/\" \/>\n<meta property=\"og:locale\" content=\"fr_FR\" \/>\n<meta property=\"og:type\" content=\"article\" \/>\n<meta property=\"og:title\" content=\"Mentions l\u00e9gales - V\u00e9ronique Pugeat\" \/>\n<meta property=\"og:description\" content=\"Conform\u00e9ment aux dispositions des articles 6-III et 19 de la loi pour la Confiance dans l\u2019\u00e9conomie Num\u00e9rique, nous vous informons que : 1. Informations l\u00e9gales Responsable du site :V\u00e9ronique PUGEATRepr\u00e9sentante Association :VERONIQUE PUGEAT36 Av. du Pr\u00e9sident Herriot26000 VALENCET\u00e9l : +33 (0) 6 99 23 99 40 Cr\u00e9ation et r\u00e9f\u00e9rencement :Phoenix Participations4 lot les Jardins du+ Read More\" \/>\n<meta property=\"og:url\" content=\"https:\/\/veronique-pugeat.fr\/index.php\/mentions-legales\/\" \/>\n<meta property=\"og:site_name\" content=\"V\u00e9ronique Pugeat\" \/>\n<meta property=\"article:publisher\" content=\"https:\/\/www.facebook.com\/vpugeat\" \/>\n<meta name=\"twitter:card\" content=\"summary_large_image\" \/>\n<meta name=\"twitter:label1\" content=\"Dur\u00e9e de lecture estim\u00e9e\" \/>\n\t<meta name=\"twitter:data1\" content=\"3 minutes\" \/>\n<script type=\"application\/ld+json\" class=\"yoast-schema-graph\">{\"@context\":\"https:\/\/schema.org\",\"@graph\":[{\"@type\":\"WebPage\",\"@id\":\"https:\/\/veronique-pugeat.fr\/index.php\/mentions-legales\/\",\"url\":\"https:\/\/veronique-pugeat.fr\/index.php\/mentions-legales\/\",\"name\":\"Mentions l\u00e9gales - V\u00e9ronique Pugeat\",\"isPartOf\":{\"@id\":\"https:\/\/veronique-pugeat.fr\/#website\"},\"datePublished\":\"2024-06-23T07:42:52+00:00\",\"dateModified\":\"2024-06-23T07:42:52+00:00\",\"breadcrumb\":{\"@id\":\"https:\/\/veronique-pugeat.fr\/index.php\/mentions-legales\/#breadcrumb\"},\"inLanguage\":\"fr-FR\",\"potentialAction\":[{\"@type\":\"ReadAction\",\"target\":[\"https:\/\/veronique-pugeat.fr\/index.php\/mentions-legales\/\"]}]},{\"@type\":\"BreadcrumbList\",\"@id\":\"https:\/\/veronique-pugeat.fr\/index.php\/mentions-legales\/#breadcrumb\",\"itemListElement\":[{\"@type\":\"ListItem\",\"position\":1,\"name\":\"Accueil\",\"item\":\"https:\/\/veronique-pugeat.fr\/\"},{\"@type\":\"ListItem\",\"position\":2,\"name\":\"Mentions l\u00e9gales\"}]},{\"@type\":\"WebSite\",\"@id\":\"https:\/\/veronique-pugeat.fr\/#website\",\"url\":\"https:\/\/veronique-pugeat.fr\/\",\"name\":\"V\u00e9ronique Pugeat\",\"description\":\"Elections l\u00e9gislatives 30 juin et 7 juillet 2024 (Dr\u00f4me)\",\"publisher\":{\"@id\":\"https:\/\/veronique-pugeat.fr\/#organization\"},\"potentialAction\":[{\"@type\":\"SearchAction\",\"target\":{\"@type\":\"EntryPoint\",\"urlTemplate\":\"https:\/\/veronique-pugeat.fr\/?s={search_term_string}\"},\"query-input\":\"required name=search_term_string\"}],\"inLanguage\":\"fr-FR\"},{\"@type\":\"Organization\",\"@id\":\"https:\/\/veronique-pugeat.fr\/#organization\",\"name\":\"V\u00e9ronique Pugeat\",\"url\":\"https:\/\/veronique-pugeat.fr\/\",\"logo\":{\"@type\":\"ImageObject\",\"inLanguage\":\"fr-FR\",\"@id\":\"https:\/\/veronique-pugeat.fr\/#\/schema\/logo\/image\/\",\"url\":\"https:\/\/veronique-pugeat.fr\/wp-content\/uploads\/2024\/06\/cropped-favicon2.png\",\"contentUrl\":\"https:\/\/veronique-pugeat.fr\/wp-content\/uploads\/2024\/06\/cropped-favicon2.png\",\"width\":512,\"height\":512,\"caption\":\"V\u00e9ronique Pugeat\"},\"image\":{\"@id\":\"https:\/\/veronique-pugeat.fr\/#\/schema\/logo\/image\/\"},\"sameAs\":[\"https:\/\/www.facebook.com\/vpugeat\",\"https:\/\/www.instagram.com\/vpugeat\/\",\"https:\/\/www.linkedin.com\/in\/vronique-pugeat-134106a7\/\"]}]}<\/script>\n<!-- \/ Yoast SEO plugin. -->","yoast_head_json":{"title":"Mentions l\u00e9gales - V\u00e9ronique Pugeat","robots":{"index":"index","follow":"follow","max-snippet":"max-snippet:-1","max-image-preview":"max-image-preview:large","max-video-preview":"max-video-preview:-1"},"canonical":"https:\/\/veronique-pugeat.fr\/index.php\/mentions-legales\/","og_locale":"fr_FR","og_type":"article","og_title":"Mentions l\u00e9gales - V\u00e9ronique Pugeat","og_description":"Conform\u00e9ment aux dispositions des articles 6-III et 19 de la loi pour la Confiance dans l\u2019\u00e9conomie Num\u00e9rique, nous vous informons que : 1. Informations l\u00e9gales Responsable du site :V\u00e9ronique PUGEATRepr\u00e9sentante Association :VERONIQUE PUGEAT36 Av. du Pr\u00e9sident Herriot26000 VALENCET\u00e9l : +33 (0) 6 99 23 99 40 Cr\u00e9ation et r\u00e9f\u00e9rencement :Phoenix Participations4 lot les Jardins du+ Read More","og_url":"https:\/\/veronique-pugeat.fr\/index.php\/mentions-legales\/","og_site_name":"V\u00e9ronique Pugeat","article_publisher":"https:\/\/www.facebook.com\/vpugeat","twitter_card":"summary_large_image","twitter_misc":{"Dur\u00e9e de lecture estim\u00e9e":"3 minutes"},"schema":{"@context":"https:\/\/schema.org","@graph":[{"@type":"WebPage","@id":"https:\/\/veronique-pugeat.fr\/index.php\/mentions-legales\/","url":"https:\/\/veronique-pugeat.fr\/index.php\/mentions-legales\/","name":"Mentions l\u00e9gales - V\u00e9ronique Pugeat","isPartOf":{"@id":"https:\/\/veronique-pugeat.fr\/#website"},"datePublished":"2024-06-23T07:42:52+00:00","dateModified":"2024-06-23T07:42:52+00:00","breadcrumb":{"@id":"https:\/\/veronique-pugeat.fr\/index.php\/mentions-legales\/#breadcrumb"},"inLanguage":"fr-FR","potentialAction":[{"@type":"ReadAction","target":["https:\/\/veronique-pugeat.fr\/index.php\/mentions-legales\/"]}]},{"@type":"BreadcrumbList","@id":"https:\/\/veronique-pugeat.fr\/index.php\/mentions-legales\/#breadcrumb","itemListElement":[{"@type":"ListItem","position":1,"name":"Accueil","item":"https:\/\/veronique-pugeat.fr\/"},{"@type":"ListItem","position":2,"name":"Mentions l\u00e9gales"}]},{"@type":"WebSite","@id":"https:\/\/veronique-pugeat.fr\/#website","url":"https:\/\/veronique-pugeat.fr\/","name":"V\u00e9ronique Pugeat","description":"Elections l\u00e9gislatives 30 juin et 7 juillet 2024 (Dr\u00f4me)","publisher":{"@id":"https:\/\/veronique-pugeat.fr\/#organization"},"potentialAction":[{"@type":"SearchAction","target":{"@type":"EntryPoint","urlTemplate":"https:\/\/veronique-pugeat.fr\/?s={search_term_string}"},"query-input":"required name=search_term_string"}],"inLanguage":"fr-FR"},{"@type":"Organization","@id":"https:\/\/veronique-pugeat.fr\/#organization","name":"V\u00e9ronique Pugeat","url":"https:\/\/veronique-pugeat.fr\/","logo":{"@type":"ImageObject","inLanguage":"fr-FR","@id":"https:\/\/veronique-pugeat.fr\/#\/schema\/logo\/image\/","url":"https:\/\/veronique-pugeat.fr\/wp-content\/uploads\/2024\/06\/cropped-favicon2.png","contentUrl":"https:\/\/veronique-pugeat.fr\/wp-content\/uploads\/2024\/06\/cropped-favicon2.png","width":512,"height":512,"caption":"V\u00e9ronique Pugeat"},"image":{"@id":"https:\/\/veronique-pugeat.fr\/#\/schema\/logo\/image\/"},"sameAs":["https:\/\/www.facebook.com\/vpugeat","https:\/\/www.instagram.com\/vpugeat\/","https:\/\/www.linkedin.com\/in\/vronique-pugeat-134106a7\/"]}]}},"_links":{"self":[{"href":"https:\/\/veronique-pugeat.fr\/index.php\/wp-json\/wp\/v2\/pages\/20","targetHints":{"allow":["GET"]}}],"collection":[{"href":"https:\/\/veronique-pugeat.fr\/index.php\/wp-json\/wp\/v2\/pages"}],"about":[{"href":"https:\/\/veronique-pugeat.fr\/index.php\/wp-json\/wp\/v2\/types\/page"}],"author":[{"embeddable":true,"href":"https:\/\/veronique-pugeat.fr\/index.php\/wp-json\/wp\/v2\/users\/1"}],"replies":[{"embeddable":true,"href":"https:\/\/veronique-pugeat.fr\/index.php\/wp-json\/wp\/v2\/comments?post=20"}],"version-history":[{"count":1,"href":"https:\/\/veronique-pugeat.fr\/index.php\/wp-json\/wp\/v2\/pages\/20\/revisions"}],"predecessor-version":[{"id":21,"href":"https:\/\/veronique-pugeat.fr\/index.php\/wp-json\/wp\/v2\/pages\/20\/revisions\/21"}],"wp:attachment":[{"href":"https:\/\/veronique-pugeat.fr\/index.php\/wp-json\/wp\/v2\/media?parent=20"}],"curies":[{"name":"wp","href":"https:\/\/api.w.org\/{rel}","templated":true}]}}